{"id":692,"date":"2026-03-23T21:55:06","date_gmt":"2026-03-23T21:55:06","guid":{"rendered":"https:\/\/aci-lac.aero\/conference2026\/?page_id=692"},"modified":"2026-04-07T17:32:46","modified_gmt":"2026-04-07T17:32:46","slug":"categorias-de-registro","status":"publish","type":"page","link":"https:\/\/aci-lac.aero\/conference2026\/es\/categorias-de-registro\/","title":{"rendered":"Categorias de registro"},"content":{"rendered":"\t\t<div data-elementor-type=\"wp-page\" data-elementor-id=\"692\" class=\"elementor elementor-692\" data-elementor-post-type=\"page\">\n\t\t\t\t<div class=\"elementor-element elementor-element-3cfb7ab e-flex e-con-boxed e-con e-parent\" data-id=\"3cfb7ab\" data-element_type=\"container\" data-e-type=\"container\" data-settings=\"{&quot;background_background&quot;:&quot;classic&quot;}\">\n\t\t\t\t\t<div class=\"e-con-inner\">\n\t\t\t\t<div class=\"elementor-element elementor-element-6123faf elementor-widget elementor-widget-heading\" data-id=\"6123faf\" data-element_type=\"widget\" data-e-type=\"widget\" data-widget_type=\"heading.default\">\n\t\t\t\t\t<h2 class=\"elementor-heading-title elementor-size-default\">CATEGORIAS DE REGISTRO<\/h2>\t\t\t\t<\/div>\n\t\t\t\t\t<\/div>\n\t\t\t\t<\/div>\n\t\t<div class=\"elementor-element elementor-element-2748c52 e-flex e-con-boxed e-con e-parent\" data-id=\"2748c52\" data-element_type=\"container\" data-e-type=\"container\">\n\t\t\t\t\t<div class=\"e-con-inner\">\n\t\t<div class=\"elementor-element elementor-element-e0e2dfd e-con-full e-flex e-con e-child\" data-id=\"e0e2dfd\" data-element_type=\"container\" data-e-type=\"container\">\n\t\t\t\t<div class=\"elementor-element elementor-element-ed9d1a9 elementor-widget elementor-widget-html\" data-id=\"ed9d1a9\" data-element_type=\"widget\" data-e-type=\"widget\" data-widget_type=\"html.default\">\n\t\t\t\t\t<div class=\"rt-wrap\">\n  <div class=\"rt-header\">\n    <div class=\"rt-header-cell\">Tipo de registro<\/div>\n    <div class=\"rt-header-cell\">Precio<\/div>\n    <div class=\"rt-header-cell\">Early Bird<br>(Hasta el 31 de Mayo)<\/div>\n  <\/div>\n  <div class=\"rt-body\">\n    <div class=\"rt-row\">\n      <div class=\"rt-cell\">Aeropuertos<\/div>\n      <div class=\"rt-cell fee\"><span class=\"fee-badge\">USD 850<\/span><\/div>\n      <div class=\"rt-cell\"><span class=\"early-badge\">USD 765<\/span><\/div>\n    <\/div>\n    <div class=\"rt-row\">\n      <div class=\"rt-cell\">World Business Partners<\/div>\n      <div class=\"rt-cell fee\"><span class=\"fee-badge\">USD 1050<\/span><\/div>\n      <div class=\"rt-cell\"><span class=\"early-badge\">USD 945<\/span><\/div>\n    <\/div>\n    <div class=\"rt-row\">\n      <div class=\"rt-cell\">No miembros ACI<\/div>\n      <div class=\"rt-cell fee\"><span class=\"fee-badge\">USD 1800<\/span><\/div>\n      <div class=\"rt-cell\"><span class=\"early-badge\">USD 1620<\/span><\/div>\n    <\/div>\n        <div class=\"rt-row\">\n      <div class=\"rt-cell\">Organizaci\u00f3n de la industria (solo asociaciones comerciales de la industria de la aviaci\u00f3n y autoridades)<\/div>\n      <div class=\"rt-cell fee\"><span class=\"fee-badge\">USD 400<\/span><\/div>\n      <div class=\"rt-cell\"><span class=\"early-badge\">-<\/span><\/div>\n    <\/div>\n  <\/div>\n<\/div>\t\t\t\t<\/div>\n\t\t\t\t<div class=\"elementor-element elementor-element-bd849f0 elementor-align-center elementor-widget elementor-widget-button\" data-id=\"bd849f0\" data-element_type=\"widget\" data-e-type=\"widget\" data-widget_type=\"button.default\">\n\t\t\t\t\t\t\t\t\t\t<a class=\"elementor-button elementor-button-link elementor-size-sm\" href=\"https:\/\/aci-lac.aero\/conference2026\/es\/registro\/\">\n\t\t\t\t\t\t<span class=\"elementor-button-content-wrapper\">\n\t\t\t\t\t\t<span class=\"elementor-button-icon\">\n\t\t\t\t<svg aria-hidden=\"true\" class=\"e-font-icon-svg e-fas-chevron-right\" viewBox=\"0 0 320 512\" xmlns=\"http:\/\/www.w3.org\/2000\/svg\"><path d=\"M285.476 272.971L91.132 467.314c-9.373 9.373-24.569 9.373-33.941 0l-22.667-22.667c-9.357-9.357-9.375-24.522-.04-33.901L188.505 256 34.484 101.255c-9.335-9.379-9.317-24.544.04-33.901l22.667-22.667c9.373-9.373 24.569-9.373 33.941 0L285.475 239.03c9.373 9.372 9.373 24.568.001 33.941z\"><\/path><\/svg>\t\t\t<\/span>\n\t\t\t\t\t\t\t\t\t<span class=\"elementor-button-text\">REG\u00cdSTRESE AHORA<\/span>\n\t\t\t\t\t<\/span>\n\t\t\t\t\t<\/a>\n\t\t\t\t\t\t\t\t<\/div>\n\t\t\t\t<\/div>\n\t\t\t\t\t<\/div>\n\t\t\t\t<\/div>\n\t\t\t\t<\/div>\n\t\t","protected":false},"excerpt":{"rendered":"<p>CATEGORIAS DE REGISTRO Tipo de registro Precio Early Bird(Hasta el 31 de Mayo) Aeropuertos USD 850 USD 765 World Business Partners USD 1050 USD 945 No miembros ACI USD 1800 USD 1620 Organizaci\u00f3n de la industria (solo asociaciones comerciales de la industria de la aviaci\u00f3n y autoridades) USD 400 &#8211; REG\u00cdSTRESE AHORA<\/p>\n","protected":false},"author":1,"featured_media":0,"parent":0,"menu_order":0,"comment_status":"closed","ping_status":"closed","template":"","meta":{"footnotes":""},"class_list":["post-692","page","type-page","status-publish","hentry"],"_links":{"self":[{"href":"https:\/\/aci-lac.aero\/conference2026\/wp-json\/wp\/v2\/pages\/692","targetHints":{"allow":["GET"]}}],"collection":[{"href":"https:\/\/aci-lac.aero\/conference2026\/wp-json\/wp\/v2\/pages"}],"about":[{"href":"https:\/\/aci-lac.aero\/conference2026\/wp-json\/wp\/v2\/types\/page"}],"author":[{"embeddable":true,"href":"https:\/\/aci-lac.aero\/conference2026\/wp-json\/wp\/v2\/users\/1"}],"replies":[{"embeddable":true,"href":"https:\/\/aci-lac.aero\/conference2026\/wp-json\/wp\/v2\/comments?post=692"}],"version-history":[{"count":19,"href":"https:\/\/aci-lac.aero\/conference2026\/wp-json\/wp\/v2\/pages\/692\/revisions"}],"predecessor-version":[{"id":916,"href":"https:\/\/aci-lac.aero\/conference2026\/wp-json\/wp\/v2\/pages\/692\/revisions\/916"}],"wp:attachment":[{"href":"https:\/\/aci-lac.aero\/conference2026\/wp-json\/wp\/v2\/media?parent=692"}],"curies":[{"name":"wp","href":"https:\/\/api.w.org\/{rel}","templated":true}]}}