{"id":332,"date":"2026-03-05T17:07:28","date_gmt":"2026-03-05T17:07:28","guid":{"rendered":"https:\/\/aci-lac.aero\/conference2026\/?page_id=332"},"modified":"2026-04-13T20:49:55","modified_gmt":"2026-04-13T20:49:55","slug":"area-de-exhibicion","status":"publish","type":"page","link":"https:\/\/aci-lac.aero\/conference2026\/es\/area-de-exhibicion\/","title":{"rendered":"Area de exhibicion"},"content":{"rendered":"\t\t<div data-elementor-type=\"wp-page\" data-elementor-id=\"332\" class=\"elementor elementor-332\" data-elementor-post-type=\"page\">\n\t\t\t\t<div class=\"elementor-element elementor-element-e02b735 e-flex e-con-boxed e-con e-parent\" data-id=\"e02b735\" data-element_type=\"container\" data-e-type=\"container\" data-settings=\"{&quot;background_background&quot;:&quot;classic&quot;}\">\n\t\t\t\t\t<div class=\"e-con-inner\">\n\t\t\t\t<div class=\"elementor-element elementor-element-b0d11f6 elementor-widget elementor-widget-heading\" data-id=\"b0d11f6\" data-element_type=\"widget\" data-e-type=\"widget\" data-widget_type=\"heading.default\">\n\t\t\t\t\t<h2 class=\"elementor-heading-title elementor-size-default\">AREA DE EXHIBICI\u00d3N<\/h2>\t\t\t\t<\/div>\n\t\t\t\t\t<\/div>\n\t\t\t\t<\/div>\n\t\t<div class=\"elementor-element elementor-element-4f59d50 e-flex e-con-boxed e-con e-parent\" data-id=\"4f59d50\" data-element_type=\"container\" data-e-type=\"container\">\n\t\t\t\t\t<div class=\"e-con-inner\">\n\t\t\t\t<div class=\"elementor-element elementor-element-961fce2 elementor-widget elementor-widget-text-editor\" data-id=\"961fce2\" data-element_type=\"widget\" data-e-type=\"widget\" data-widget_type=\"text-editor.default\">\n\t\t\t\t\t\t\t\t\t<p class=\"p1\">La experiencia incluye un \u00e1rea de exposici\u00f3n de alto tr\u00e1fico donde los expositores pueden mostrar sus productos y servicios. Todos los asistentes pasar\u00e1n por este espacio m\u00faltiples veces a lo largo del d\u00eda, ya que funciona como el principal punto de acceso al sal\u00f3n principal.<\/p>\t\t\t\t\t\t\t\t<\/div>\n\t\t\t\t\t<\/div>\n\t\t\t\t<\/div>\n\t\t<div class=\"elementor-element elementor-element-52630e7 e-flex e-con-boxed e-con e-parent\" data-id=\"52630e7\" data-element_type=\"container\" data-e-type=\"container\">\n\t\t\t\t\t<div class=\"e-con-inner\">\n\t\t<div class=\"elementor-element elementor-element-1d5d42d e-con-full e-flex e-con e-child\" data-id=\"1d5d42d\" data-element_type=\"container\" data-e-type=\"container\">\n\t\t\t\t<div class=\"elementor-element elementor-element-2a88cb5 elementor-widget elementor-widget-html\" data-id=\"2a88cb5\" data-element_type=\"widget\" data-e-type=\"widget\" data-widget_type=\"html.default\">\n\t\t\t\t\t<!DOCTYPE html>\n<html lang=\"es\">\n<head>\n  <meta charset=\"UTF-8\">\n  <meta name=\"viewport\" content=\"width=device-width, initial-scale=1.0\">\n  <title>Tabla Medidas<\/title>\n  <style>\n    body {\n      font-family: Arial, sans-serif;\n      background: #fff;\n      padding: 20px;\n      margin: 0;\n    }\n    .wrap {\n      overflow-x: auto;\n      -webkit-overflow-scrolling: touch;\n      width: 100%;\n    }\n    .table {\n      width: 100%;\n      border-collapse: collapse;\n      font-size: 14px;\n      min-width: 300px;\n      border-color: white;\n    }\n    .text-center {\n      text-align: center;\n    }\n  <\/style>\n<\/head>\n<body>\n\n<div class=\"wrap\">\n  <table class=\"table\" style=\"border-color: white;\">\n    <thead>\n      <tr>\n        <th style=\"border: 0px;\"><\/th>\n        <th class=\"text-center\" style=\"background-color: #0c71c3; color: white;\" colspan=\"2\">Medidas<\/th>\n      <\/tr>\n      <tr>\n        <th class=\"text-center\" style=\"border: 0px;\"><\/th>\n        <th class=\"text-center\" style=\"background-color: #0c71c3; color: white;\">Metros<\/th>\n        <th class=\"text-center\" style=\"background-color: #0c71c3; color: white;\">Pies<\/th>\n      <\/tr>\n    <\/thead>\n    <tbody>\n      <tr>\n        <td style=\"background-color:#dce6f1;\">Stand individual<\/td>\n        <td class=\"text-center\" style=\"background-color:#dce6f1;\">2.5 x 3.0<\/td>\n        <td class=\"text-center\" style=\"background-color:#dce6f1;\">8 x 10<\/td>\n      <\/tr>\n      <tr>\n        <td>Stand doble<\/td>\n        <td class=\"text-center\">2.5 x 6.0<\/td>\n        <td class=\"text-center\">8 x 20<\/td>\n      <\/tr>\n    <\/tbody>\n  <\/table>\n<\/div>\n\n<\/body>\n<\/html>\t\t\t\t<\/div>\n\t\t\t\t<\/div>\n\t\t<div class=\"elementor-element elementor-element-a8484e2 e-con-full e-flex e-con e-child\" data-id=\"a8484e2\" data-element_type=\"container\" data-e-type=\"container\">\n\t\t\t\t<div class=\"elementor-element elementor-element-d70e3d9 elementor-widget elementor-widget-html\" data-id=\"d70e3d9\" data-element_type=\"widget\" data-e-type=\"widget\" data-widget_type=\"html.default\">\n\t\t\t\t\t<!DOCTYPE html>\n<html lang=\"es\">\n<head>\n  <meta charset=\"UTF-8\">\n  <meta name=\"viewport\" content=\"width=device-width, initial-scale=1.0\">\n  <title>Tabla Precios<\/title>\n  <style>\n    body {\n      font-family: Arial, sans-serif;\n      background: #fff;\n      padding: 20px;\n      margin: 0;\n    }\n\n    .table {\n      width: 100%;\n      border-collapse: collapse;\n      font-size: 14px;\n      border-color: white;\n    }\n    .text-center { text-align: center; }\n\n    .cards { display: none; }\n\n    @media (max-width: 480px) {\n      .table-wrap { display: none; }\n      .cards { display: block; }\n\n      .card {\n        border-radius: 8px;\n        overflow: hidden;\n        margin-bottom: 12px;\n        border: 1px solid #c8d3e0;\n      }\n      .card-title {\n        background-color: #0c71c3;\n        color: white;\n        font-weight: bold;\n        padding: 8px 14px;\n        font-size: 14px;\n      }\n      .card-row {\n        display: flex;\n        justify-content: space-between;\n        padding: 8px 14px;\n        font-size: 14px;\n      }\n      .card-row:nth-child(odd) { background-color: #dce6f1; }\n      .card-row:nth-child(even) { background-color: #ffffff; }\n      .card-label { font-weight: bold; color: #0c71c3; }\n    }\n  <\/style>\n<\/head>\n<body>\n\n  <!-- Tabla original para desktop -->\n  <div class=\"table-wrap\">\n    <table class=\"table\" style=\"border-color: white;\">\n      <thead>\n        <tr>\n          <th style=\"border: 0px;\"><\/th>\n          <th colspan=\"2\" class=\"text-center\" style=\"background-color: #0c71c3; color: white;\">Precio de Stand<\/th>\n        <\/tr>\n        <tr>\n          <th class=\"text-center\" style=\"border: 0px;\"><\/th>\n          <th class=\"text-center\" style=\"background-color: #0c71c3; color: white;\">Miembro ACI<\/th>\n          <th class=\"text-center\" style=\"background-color: #0c71c3; color: white;\">No-Miembro ACI<\/th>\n        <\/tr>\n      <\/thead>\n      <tbody>\n        <tr>\n          <td style=\"background-color:#dce6f1;\">Stand individual<\/td>\n          <td class=\"text-center\" style=\"background-color:#dce6f1;\">USD 4,900<\/td>\n          <td class=\"text-center\" style=\"background-color:#dce6f1;\">USD 6,600<\/td>\n        <\/tr>\n        <tr>\n          <td>Stand doble<\/td>\n          <td class=\"text-center\">USD 8,400<\/td>\n          <td class=\"text-center\">USD 11,000<\/td>\n        <\/tr>\n        <tr>\n          <td style=\"background-color:#dce6f1;\">Stand de esquina triple<\/td>\n          <td style=\"background-color:#dce6f1;\" class=\"text-center\">USD 11,900<\/td>\n          <td style=\"background-color:#dce6f1;\" class=\"text-center\">USD 15,000<\/td>\n        <\/tr>\n      <\/tbody>\n    <\/table>\n  <\/div>\n\n  <!-- Tarjetas para mobile -->\n  <div class=\"cards\">\n    <div class=\"card\">\n      <div class=\"card-title\">Stand individual<\/div>\n      <div class=\"card-row\"><span class=\"card-label\">Miembro ACI<\/span><span>USD 4,900<\/span><\/div>\n      <div class=\"card-row\"><span class=\"card-label\">No-Miembro ACI<\/span><span>USD 6,600<\/span><\/div>\n    <\/div>\n    <div class=\"card\">\n      <div class=\"card-title\">Stand doble<\/div>\n      <div class=\"card-row\"><span class=\"card-label\">Miembro ACI<\/span><span>USD 8,400<\/span><\/div>\n      <div class=\"card-row\"><span class=\"card-label\">No-Miembro ACI<\/span><span>USD 11,000<\/span><\/div>\n    <\/div>\n    <div class=\"card\">\n      <div class=\"card-title\">Stand de esquina triple<\/div>\n      <div class=\"card-row\"><span class=\"card-label\">Miembro ACI<\/span><span>USD 11,900<\/span><\/div>\n      <div class=\"card-row\"><span class=\"card-label\">No-Miembro ACI<\/span><span>USD 15,000<\/span><\/div>\n    <\/div>\n  <\/div>\n\n<\/body>\n<\/html>\t\t\t\t<\/div>\n\t\t\t\t<div class=\"elementor-element elementor-element-c1cbb95 elementor-widget elementor-widget-text-editor\" data-id=\"c1cbb95\" data-element_type=\"widget\" data-e-type=\"widget\" data-widget_type=\"text-editor.default\">\n\t\t\t\t\t\t\t\t\t<p class=\"p1\">Nota: Se a\u00f1adir\u00e1 una tarifa el\u00e9ctrica est\u00e1ndar a su factura. Tarifa el\u00e9ctrica: USD 400.<\/p>\t\t\t\t\t\t\t\t<\/div>\n\t\t\t\t<\/div>\n\t\t\t\t\t<\/div>\n\t\t\t\t<\/div>\n\t\t<div class=\"elementor-element elementor-element-6f7fa57 e-con-full e-flex e-con e-parent\" data-id=\"6f7fa57\" data-element_type=\"container\" data-e-type=\"container\" data-settings=\"{&quot;background_background&quot;:&quot;classic&quot;}\">\n\t\t<div class=\"elementor-element elementor-element-1685d72 e-flex e-con-boxed e-con e-child\" data-id=\"1685d72\" data-element_type=\"container\" data-e-type=\"container\">\n\t\t\t\t\t<div class=\"e-con-inner\">\n\t\t\t\t<div class=\"elementor-element elementor-element-256dbb1 elementor-widget elementor-widget-heading\" data-id=\"256dbb1\" data-element_type=\"widget\" data-e-type=\"widget\" data-widget_type=\"heading.default\">\n\t\t\t\t\t<h2 class=\"elementor-heading-title elementor-size-default\">Beneficios del exhibidor<\/h2>\t\t\t\t<\/div>\n\t\t\t\t<div class=\"elementor-element elementor-element-2de3b35 elementor-widget elementor-widget-text-editor\" data-id=\"2de3b35\" data-element_type=\"widget\" data-e-type=\"widget\" data-widget_type=\"text-editor.default\">\n\t\t\t\t\t\t\t\t\t<ul>\n \t<li>Espacio de stand simple o doble<\/li>\n \t<li>Una mesa est\u00e1ndar de hotel (a solicitud)<\/li>\n \t<li>Dos sillas est\u00e1ndar de hotel (a solicitud)<\/li>\n \t<li>Reconocimiento del logo de la empresa en:\n<ul>\n \t<li>Sitio web de la conferencia bajo \u201cExpositores\u201d, con enlace al sitio web de su empresa<\/li>\n \t<li>Sitio web del evento con enlace al sitio web del patrocinador, en la secci\u00f3n \u201cExpositor\u201d<\/li>\n \t<li>Comunicaciones por e-blast de ACI-LAC \/ World promocionando la conferencia, en la secci\u00f3n \u201cExpositor\u201d<\/li>\n \t<li>App del evento con el logo de la empresa<\/li>\n \t<li>Todos los banners y se\u00f1al\u00e9tica gen\u00e9rica<\/li>\n<\/ul>\n<\/li>\n<\/ul>\nNota:\n<ul>\n \t<li class=\"p1\">\nSe incluyen 2 inscripciones a la conferencia en la tarifa del stand por cada espacio, siempre que la reserva y el pago se realicen como m\u00e1ximo 3 meses antes del inicio de la conferencia (hasta el 25 de junio de 2026). Si se realiza despu\u00e9s de esa fecha, se incluir\u00e1 1 inscripci\u00f3n y la segunda tendr\u00e1 un 50% de descuento (a partir del 26 de junio de 2026 en adelante).\n<\/li>\n \t<li class=\"p1\">El Manual del Expositor se entregar\u00e1 una vez que est\u00e9 listo para ser compartido.<\/li>\n<\/ul>\t\t\t\t\t\t\t\t<\/div>\n\t\t\t\t<div class=\"elementor-element elementor-element-fb21636 elementor-widget elementor-widget-button\" data-id=\"fb21636\" data-element_type=\"widget\" data-e-type=\"widget\" data-widget_type=\"button.default\">\n\t\t\t\t\t\t\t\t\t\t<a class=\"elementor-button elementor-button-link elementor-size-sm\" href=\"#elementor-action%3Aaction%3Dpopup%3Aopen%26settings%3DeyJpZCI6IjcxOSIsInRvZ2dsZSI6ZmFsc2V9\">\n\t\t\t\t\t\t<span class=\"elementor-button-content-wrapper\">\n\t\t\t\t\t\t<span class=\"elementor-button-icon\">\n\t\t\t\t<svg aria-hidden=\"true\" class=\"e-font-icon-svg e-fas-chevron-right\" viewBox=\"0 0 320 512\" xmlns=\"http:\/\/www.w3.org\/2000\/svg\"><path d=\"M285.476 272.971L91.132 467.314c-9.373 9.373-24.569 9.373-33.941 0l-22.667-22.667c-9.357-9.357-9.375-24.522-.04-33.901L188.505 256 34.484 101.255c-9.335-9.379-9.317-24.544.04-33.901l22.667-22.667c9.373-9.373 24.569-9.373 33.941 0L285.475 239.03c9.373 9.372 9.373 24.568.001 33.941z\"><\/path><\/svg>\t\t\t<\/span>\n\t\t\t\t\t\t\t\t\t<span class=\"elementor-button-text\">CONTACTO<\/span>\n\t\t\t\t\t<\/span>\n\t\t\t\t\t<\/a>\n\t\t\t\t\t\t\t\t<\/div>\n\t\t\t\t\t<\/div>\n\t\t\t\t<\/div>\n\t\t\t\t<\/div>\n\t\t<div class=\"elementor-element elementor-element-634fff4 e-flex e-con-boxed e-con e-parent\" data-id=\"634fff4\" data-element_type=\"container\" data-e-type=\"container\">\n\t\t\t\t\t<div class=\"e-con-inner\">\n\t\t\t\t<div class=\"elementor-element elementor-element-0df4b49 elementor-widget-mobile__width-inherit elementor-widget elementor-widget-html\" data-id=\"0df4b49\" data-element_type=\"widget\" data-e-type=\"widget\" data-widget_type=\"html.default\">\n\t\t\t\t\t<!DOCTYPE html>\n<html lang=\"es\">\n<head>\n  <meta charset=\"UTF-8\">\n  <meta name=\"viewport\" content=\"width=device-width, initial-scale=1.0\">\n  <title>Comparativa de Opciones<\/title>\n  <style>\n    body {\n      font-family: Arial, sans-serif;\n      background: #fff;\n      padding: 20px;\n      margin: 0;\n    }\n    .wrap {\n      overflow-x: auto;\n      -webkit-overflow-scrolling: touch;\n      width: 100%;\n    }\n    .hint {\n      font-size: 11px;\n      color: #888;\n      margin: 0 0 8px;\n      display: none;\n    }\n    table {\n      width: 100%;\n      border-collapse: collapse;\n      font-size: 14px;\n      min-width: 600px;\n    }\n    thead th {\n      background-color: #1565C0;\n      color: #ffffff;\n      font-weight: bold;\n      text-align: center;\n      padding: 10px 14px;\n      border: 1px solid #ffffff;\n    }\n    tbody th {\n      background-color: #1565C0 !important;\n      color: #ffffff !important;\n      font-weight: bold;\n      text-align: center;\n      padding: 10px 14px;\n      border: 1px solid #ffffff;\n      width: 110px;\n    }\n    tbody td {\n      padding: 10px 14px;\n      text-align: center;\n      vertical-align: middle;\n      border: 1px solid #c8d3e0;\n      color: #000;\n    }\n    .row-light td { background-color: #ffffff; }\n    .row-dark td  { background-color: #dce6f1; }\n    tr th {\n      background-color: #1565C0 !important;\n      color: #ffffff !important;\n    }\n\n    @media (max-width: 560px) {\n      .hint { display: block; }\n    }\n  <\/style>\n<\/head>\n<body>\n\n<p class=\"hint\">\u2190 desliz\u00e1 para ver todo \u2192<\/p>\n<div class=\"wrap\">\n  <table>\n    <thead>\n      <tr>\n        <th><\/th>\n        <th>Opci\u00f3n A<\/th>\n        <th>Opci\u00f3n B<\/th>\n        <th>Opci\u00f3n C<\/th>\n      <\/tr>\n    <\/thead>\n    <tbody>\n      <tr class=\"row-light\">\n        <th>Tama\u00f1o<\/th>\n        <td>10'x 8\u00b4 pies \/<br>3.00x2.50 mts<\/td>\n        <td>20\u00b4x 8\u00b4 pies \/ 6.00 x<br>2.50 mts.<\/td>\n        <td>10'x 8\u00b4 pies \/ 3.00x2.50 mts<\/td>\n      <\/tr>\n      <tr class=\"row-dark\">\n        <th>Material<\/th>\n        <td colspan=\"2\">Paredes con estructura de aluminio<\/td>\n        <td>Paredes de madera MDF<br>con pintura mate<\/td>\n      <\/tr>\n      <tr class=\"row-light\">\n        <th rowspan=\"2\">Gr\u00e1fica<\/th>\n        <td rowspan=\"2\">3 gr\u00e1ficas impresas en<br>tela. Cada imagen mide<br>2.90 x 2.40 mts.<\/td>\n        <td>3 gr\u00e1ficas impresas en<br>tela. Cada imagen mide<br>1.80 x 1.20 mts.<\/td>\n        <td>2 im\u00e1genes gr\u00e1ficas laterales de<br>2.40x2.40 mts.<\/td>\n      <\/tr>\n      <tr class=\"row-dark\">\n        <td>Marco con logo en<br>acr\u00edlico al frente de la<br>oficina (lado izquierdo).<\/td>\n        <td>1 imagen gr\u00e1fica en pared trasera de<br>2.90x2.40 mts.<\/td>\n      <\/tr>\n      <tr class=\"row-light\">\n        <th rowspan=\"2\">Mobiliario<\/th>\n        <td rowspan=\"2\">1 mesa redonda (90 cms<br>de di\u00e1metro) y 4 sillas.<\/td>\n        <td rowspan=\"2\">2 bancos con 1 mesa baja,<br>4 sillas tipo taburete con<br>1 mesa alta.<\/td>\n        <td>4 sillas altas con 1 mesa alta.<\/td>\n      <\/tr>\n      <tr class=\"row-dark\">\n        <td>Monitor de 55\" en pared trasera<\/td>\n      <\/tr>\n      <tr class=\"row-light\">\n        <th>Mostrador<\/th>\n        <td>No incluido<\/td>\n        <td>Mostrador doble<br>(2.00x0.50 mts) con logo<br>y \u00e1rea de almacenamiento.<\/td>\n        <td>Mostrador con logo e iluminaci\u00f3n<br>(1.00x0.50 mts) y \u00e1rea de almacenamiento.<\/td>\n      <\/tr>\n      <tr class=\"row-dark\">\n        <th>Iluminaci\u00f3n<\/th>\n        <td colspan=\"3\">Luz dirigida sobre cada gr\u00e1fica<\/td>\n      <\/tr>\n      <tr class=\"row-light\">\n        <th>Piso<\/th>\n        <td>Tarima de madera terminada<br>con vinilo color gris.<br>(4 cms de altura)<\/td>\n        <td>Piso de material laminado<br>de madera<br>(0.7 cms).<\/td>\n        <td>Tarima de madera terminada con<br>vinilo color blanco. (4 cms de altura)<\/td>\n      <\/tr>\n      <tr class=\"row-dark\">\n        <th>Precio<\/th>\n        <td>USD 2,490<\/td>\n        <td>USD 3,400<\/td>\n        <td>USD 4,400<\/td>\n      <\/tr>\n    <\/tbody>\n  <\/table>\n<\/div>\n\n<\/body>\n<\/html>\t\t\t\t<\/div>\n\t\t\t\t\t<\/div>\n\t\t\t\t<\/div>\n\t\t<div class=\"elementor-element elementor-element-0b6b6ec elementor-hidden-desktop elementor-hidden-tablet elementor-hidden-mobile e-flex e-con-boxed e-con e-parent\" data-id=\"0b6b6ec\" data-element_type=\"container\" data-e-type=\"container\">\n\t\t\t\t\t<div class=\"e-con-inner\">\n\t\t\t\t<div class=\"elementor-element elementor-element-6dba142 elementor-widget elementor-widget-html\" data-id=\"6dba142\" data-element_type=\"widget\" data-e-type=\"widget\" data-widget_type=\"html.default\">\n\t\t\t\t\t<!DOCTYPE html>\n<html lang=\"es\">\n<head>\n  <meta charset=\"UTF-8\">\n  <meta name=\"viewport\" content=\"width=device-width, initial-scale=1.0\">\n  <title>Comparativa de Opciones<\/title>\n  <style>\n    body {\n      font-family: Arial, sans-serif;\n      background: #fff;\n      padding: 30px;\n    }\n\n    table {\n      width: 100%;\n      border-collapse: collapse;\n      font-size: 14px;\n      margin-bottom: 30px;\n    }\n\n    thead th {\n      background-color: #1565C0;\n      color: #ffffff;\n      font-weight: bold;\n      text-align: center;\n      padding: 10px 14px;\n      border: 1px solid #ffffff;\n    }\n\n    tbody th {\n      background-color: #1565C0 !important;\n      color: #ffffff !important;\n      font-weight: bold;\n      text-align: center;\n      padding: 10px 14px;\n      border: 1px solid #ffffff;\n      width: 110px;\n    }\n\n    tbody td {\n      padding: 10px 14px;\n      text-align: center;\n      vertical-align: middle;\n      border: 1px solid #c8d3e0;\n      color: #000;\n    }\n\n    .row-light td { background-color: #ffffff; }\n    .row-dark td  { background-color: #dce6f1; }\n\n    \/* Ensure th always stays blue regardless of row class *\/\n    tr th {\n      background-color: #1565C0 !important;\n      color: #ffffff !important;\n    }\n  <\/style>\n<\/head>\n<body>\n\n<table>\n  <thead>\n    <tr>\n      <th><\/th>\n      <th>Option A<\/th>\n      <th>Option B<\/th>\n      <th>Option C<\/th>\n    <\/tr>\n  <\/thead>\n  <tbody>\n\n    <tr class=\"row-light\">\n      <th>Size<\/th>\n      <td>10'x 8\u00b4 feets \/<br>3.00x2.50mts<\/td>\n      <td>20\u00b4x 8\u00b4feets \/ 6.00 x<br>2,50 mts.<\/td>\n      <td>10'x 8\u00b4 feets \/ 3.00x2.50mts<\/td>\n    <\/tr>\n\n    <tr class=\"row-dark\">\n      <th>Material<\/th>\n      <td colspan=\"2\">Aluminum frame walls<\/td>\n      <td>Wood MDF finishing walls<br>with matte paint<\/td>\n    <\/tr>\n\n    <tr class=\"row-light\">\n      <th rowspan=\"2\">Graphic<\/th>\n      <td rowspan=\"2\">3 graphics fabric<br>printed. Each image is<br>2.90 x 2.40mts.<\/td>\n      <td>3 graphics fabric<br>printed. Each image is<br>1.80 x 1.20mts.<\/td>\n      <td>2 Lateral graphic images are<br>2.40x2.40mts.<\/td>\n    <\/tr>\n    <tr class=\"row-dark\">\n      <td>Frame with logo on<br>acrylic in front of the<br>office (left side).<\/td>\n      <td>1 Back wall graphic image is<br>2.90x2.40mts.<\/td>\n    <\/tr>\n\n    <tr class=\"row-light\">\n      <th rowspan=\"2\">Forniture<\/th>\n      <td rowspan=\"2\">1 round table (90cms<br>diameter) and 4 chairs.<\/td>\n      <td rowspan=\"2\">2 benches with 1 low<br>table, 4 stool chairs with 1<br>high table.<\/td>\n      <td>4 highchairs with 1 high table.<\/td>\n    <\/tr>\n    <tr class=\"row-dark\">\n      <td>55\" monitor on backwall<\/td>\n    <\/tr>\n\n    <tr class=\"row-light\">\n      <th>Counter<\/th>\n      <td>Not included<\/td>\n      <td>Double counter<br>(2.00x0.50mts) with logo<br>&amp; storage area.<\/td>\n      <td>Counter with logo and light<br>(1.00x0.50mts) &amp; storage area.<\/td>\n    <\/tr>\n\n    <tr class=\"row-dark\">\n      <th>Light<\/th>\n      <td colspan=\"3\">Directed light on each graphic<\/td>\n    <\/tr>\n\n    <tr class=\"row-light\">\n      <th>Floor<\/th>\n      <td>Finished wooden pallet<br>(floor) with vinyl in grey<br>color. (4cms high)<\/td>\n      <td>Floor made of wood<br>laminated material<br>(0.7cms).<\/td>\n      <td>Finished wooden pallet (floor)<br>with vinyl in white color. (4cms<br>high)<\/td>\n    <\/tr>\n\n    <tr class=\"row-dark\">\n      <th>Material<\/th>\n      <td>USD 2,490<\/td>\n      <td>USD 3,400<\/td>\n      <td>USD 4,400<\/td>\n    <\/tr>\n\n  <\/tbody>\n<\/table>\n\n<\/body>\n<\/html>\t\t\t\t<\/div>\n\t\t\t\t\t<\/div>\n\t\t\t\t<\/div>\n\t\t<div class=\"elementor-element elementor-element-a5f62ce e-flex e-con-boxed e-con e-parent\" data-id=\"a5f62ce\" data-element_type=\"container\" data-e-type=\"container\" data-settings=\"{&quot;background_background&quot;:&quot;classic&quot;}\">\n\t\t\t\t\t<div class=\"e-con-inner\">\n\t\t\t\t<div class=\"elementor-element elementor-element-4cb8b35 elementor-widget elementor-widget-heading\" data-id=\"4cb8b35\" data-element_type=\"widget\" data-e-type=\"widget\" data-widget_type=\"heading.default\">\n\t\t\t\t\t<h2 class=\"elementor-heading-title elementor-size-default\">Mapa del \u00c1rea de Exhibici\u00f3n<\/h2>\t\t\t\t<\/div>\n\t\t\t\t<div class=\"elementor-element elementor-element-80ba2cb elementor-widget elementor-widget-image\" data-id=\"80ba2cb\" data-element_type=\"widget\" data-e-type=\"widget\" data-widget_type=\"image.default\">\n\t\t\t\t\t\t\t\t\t\t\t\t\t\t\t<img fetchpriority=\"high\" decoding=\"async\" width=\"612\" height=\"693\" src=\"https:\/\/aci-lac.aero\/conference2026\/wp-content\/uploads\/2026\/04\/WAGA2026-ExhibitionAreaES.jpg\" class=\"attachment-full size-full wp-image-934\" alt=\"\" srcset=\"https:\/\/aci-lac.aero\/conference2026\/wp-content\/uploads\/2026\/04\/WAGA2026-ExhibitionAreaES.jpg 612w, https:\/\/aci-lac.aero\/conference2026\/wp-content\/uploads\/2026\/04\/WAGA2026-ExhibitionAreaES-265x300.jpg 265w\" sizes=\"(max-width: 612px) 100vw, 612px\" \/>\t\t\t\t\t\t\t\t\t\t\t\t\t\t\t<\/div>\n\t\t\t\t\t<\/div>\n\t\t\t\t<\/div>\n\t\t\t\t<\/div>\n\t\t","protected":false},"excerpt":{"rendered":"<p>AREA DE EXHIBICI\u00d3N La experiencia incluye un \u00e1rea de exposici\u00f3n de alto tr\u00e1fico donde los expositores pueden mostrar sus productos y servicios. Todos los asistentes pasar\u00e1n por este espacio m\u00faltiples veces a lo largo del d\u00eda, ya que funciona como el principal punto de acceso al sal\u00f3n principal. Tabla Medidas Medidas Metros Pies Stand individual [&hellip;]<\/p>\n","protected":false},"author":1,"featured_media":0,"parent":0,"menu_order":0,"comment_status":"closed","ping_status":"closed","template":"","meta":{"footnotes":""},"class_list":["post-332","page","type-page","status-publish","hentry"],"_links":{"self":[{"href":"https:\/\/aci-lac.aero\/conference2026\/wp-json\/wp\/v2\/pages\/332","targetHints":{"allow":["GET"]}}],"collection":[{"href":"https:\/\/aci-lac.aero\/conference2026\/wp-json\/wp\/v2\/pages"}],"about":[{"href":"https:\/\/aci-lac.aero\/conference2026\/wp-json\/wp\/v2\/types\/page"}],"author":[{"embeddable":true,"href":"https:\/\/aci-lac.aero\/conference2026\/wp-json\/wp\/v2\/users\/1"}],"replies":[{"embeddable":true,"href":"https:\/\/aci-lac.aero\/conference2026\/wp-json\/wp\/v2\/comments?post=332"}],"version-history":[{"count":70,"href":"https:\/\/aci-lac.aero\/conference2026\/wp-json\/wp\/v2\/pages\/332\/revisions"}],"predecessor-version":[{"id":1084,"href":"https:\/\/aci-lac.aero\/conference2026\/wp-json\/wp\/v2\/pages\/332\/revisions\/1084"}],"wp:attachment":[{"href":"https:\/\/aci-lac.aero\/conference2026\/wp-json\/wp\/v2\/media?parent=332"}],"curies":[{"name":"wp","href":"https:\/\/api.w.org\/{rel}","templated":true}]}}