{"id":334,"date":"2025-04-24T01:24:21","date_gmt":"2025-04-24T01:24:21","guid":{"rendered":"https:\/\/aci-lac.aero\/conference2025\/?page_id=334"},"modified":"2025-04-24T17:55:26","modified_gmt":"2025-04-24T17:55:26","slug":"lugar","status":"publish","type":"page","link":"https:\/\/aci-lac.aero\/conference2025\/es\/lugar\/","title":{"rendered":"Lugar"},"content":{"rendered":"\t\t<div data-elementor-type=\"wp-page\" data-elementor-id=\"334\" class=\"elementor elementor-334\" data-elementor-post-type=\"page\">\n\t\t\t\t<div class=\"elementor-element elementor-element-a9db16d e-flex e-con-boxed e-con e-parent\" data-id=\"a9db16d\" data-element_type=\"container\" data-settings=\"{&quot;background_background&quot;:&quot;classic&quot;}\">\n\t\t\t\t\t<div class=\"e-con-inner\">\n\t\t\t\t<div class=\"elementor-element elementor-element-b0ba169 elementor-widget elementor-widget-heading\" data-id=\"b0ba169\" data-element_type=\"widget\" data-widget_type=\"heading.default\">\n\t\t\t\t<div class=\"elementor-widget-container\">\n\t\t\t\t\t<h2 class=\"elementor-heading-title elementor-size-default\">LUGAR &amp; HOTEL<\/h2>\t\t\t\t<\/div>\n\t\t\t\t<\/div>\n\t\t\t\t\t<\/div>\n\t\t\t\t<\/div>\n\t\t<div class=\"elementor-element elementor-element-f7ecbfb e-flex e-con-boxed e-con e-parent\" data-id=\"f7ecbfb\" data-element_type=\"container\">\n\t\t\t\t\t<div class=\"e-con-inner\">\n\t\t\t\t<div class=\"elementor-element elementor-element-0df76a1 elementor-widget elementor-widget-heading\" data-id=\"0df76a1\" data-element_type=\"widget\" data-widget_type=\"heading.default\">\n\t\t\t\t<div class=\"elementor-widget-container\">\n\t\t\t\t\t<h2 class=\"elementor-heading-title elementor-size-default\">HOTEL DE LA CONFERENCIA<\/h2>\t\t\t\t<\/div>\n\t\t\t\t<\/div>\n\t\t\t\t\t<\/div>\n\t\t\t\t<\/div>\n\t\t<div class=\"elementor-element elementor-element-11f4ca1 e-flex e-con-boxed e-con e-parent\" data-id=\"11f4ca1\" data-element_type=\"container\">\n\t\t\t\t\t<div class=\"e-con-inner\">\n\t\t<div class=\"elementor-element elementor-element-9c03c07 e-con-full e-flex e-con e-child\" data-id=\"9c03c07\" data-element_type=\"container\">\n\t\t<div class=\"elementor-element elementor-element-3adbd52 e-con-full e-flex e-con e-child\" data-id=\"3adbd52\" data-element_type=\"container\">\n\t\t\t\t<div class=\"elementor-element elementor-element-f2562c6 elementor-widget elementor-widget-image\" data-id=\"f2562c6\" data-element_type=\"widget\" data-widget_type=\"image.default\">\n\t\t\t\t<div class=\"elementor-widget-container\">\n\t\t\t\t\t\t\t\t\t\t\t\t\t\t\t<img fetchpriority=\"high\" decoding=\"async\" width=\"661\" height=\"329\" src=\"https:\/\/aci-lac.aero\/conference2025\/wp-content\/uploads\/2025\/04\/hyattregency.webp\" class=\"attachment-full size-full wp-image-309\" alt=\"\" srcset=\"https:\/\/aci-lac.aero\/conference2025\/wp-content\/uploads\/2025\/04\/hyattregency.webp 661w, https:\/\/aci-lac.aero\/conference2025\/wp-content\/uploads\/2025\/04\/hyattregency-300x149.webp 300w\" sizes=\"(max-width: 661px) 100vw, 661px\" \/>\t\t\t\t\t\t\t\t\t\t\t\t\t\t\t<\/div>\n\t\t\t\t<\/div>\n\t\t\t\t<div class=\"elementor-element elementor-element-8593b35 elementor-widget elementor-widget-heading\" data-id=\"8593b35\" data-element_type=\"widget\" data-widget_type=\"heading.default\">\n\t\t\t\t<div class=\"elementor-widget-container\">\n\t\t\t\t\t<h3 class=\"elementor-heading-title elementor-size-default\">Hyatt Regency Trinidad<\/h3>\t\t\t\t<\/div>\n\t\t\t\t<\/div>\n\t\t\t\t<div class=\"elementor-element elementor-element-3376c8f elementor-widget elementor-widget-text-editor\" data-id=\"3376c8f\" data-element_type=\"widget\" data-widget_type=\"text-editor.default\">\n\t\t\t\t<div class=\"elementor-widget-container\">\n\t\t\t\t\t\t\t\t\t<p>&#8220;Waterfront Leisure Meets Caribbean Hospitality en nuestro Trinidad Hotel\u201d<\/p><p>Experimente el animado centro de Puerto Espa\u00f1a cuando se registre en nuestro hotel contempor\u00e1neo frente al mar ubicado a solo 40 minutos del Aeropuerto Internacional de Piarco. Haga que su elecci\u00f3n de reserva en Trinidad y Tobago sea f\u00e1cil con sofisticados restaurantes al aire libre, piscina infinita, vistas panor\u00e1micas del Golfo de Paria, un lujoso spa y una aut\u00e9ntica hospitalidad caribe\u00f1a para viajeros de negocios y turistas.<\/p><p>Cuando se registre en una de nuestras 422 habitaciones, incluidas 15 suites, disfrutar\u00e1 de una tranquilidad elegante con relucientes pisos de roble blanco, colores relajantes, luz natural y vistas al Puerto de Espa\u00f1a o frente al mar. Si planea entretener a los hu\u00e9spedes, actualice su estad\u00eda en Trinidad con la Suite Diplom\u00e1tica o la Suite Presidencial, que incluyen una cocina, mesa de comedor para seis personas, estudio privado y un amplio balc\u00f3n de 116 pies cuadrados. Transmita su contenido favorito a su habitaci\u00f3n de hotel TV, con tecnolog\u00eda de Google Chromecast.&#8221;<\/p>\t\t\t\t\t\t\t\t<\/div>\n\t\t\t\t<\/div>\n\t\t\t\t<div class=\"elementor-element elementor-element-df46f2e elementor-widget elementor-widget-button\" data-id=\"df46f2e\" data-element_type=\"widget\" data-widget_type=\"button.default\">\n\t\t\t\t<div class=\"elementor-widget-container\">\n\t\t\t\t\t\t\t\t\t<div class=\"elementor-button-wrapper\">\n\t\t\t\t\t<a class=\"elementor-button elementor-button-link elementor-size-sm\" href=\"https:\/\/www.hyatt.com\/en-US\/group-booking\/TRIRT\/G-ALAC\" target=\"_blank\">\n\t\t\t\t\t\t<span class=\"elementor-button-content-wrapper\">\n\t\t\t\t\t\t<span class=\"elementor-button-icon\">\n\t\t\t\t<svg aria-hidden=\"true\" class=\"e-font-icon-svg e-fas-angle-double-right\" viewBox=\"0 0 448 512\" xmlns=\"http:\/\/www.w3.org\/2000\/svg\"><path d=\"M224.3 273l-136 136c-9.4 9.4-24.6 9.4-33.9 0l-22.6-22.6c-9.4-9.4-9.4-24.6 0-33.9l96.4-96.4-96.4-96.4c-9.4-9.4-9.4-24.6 0-33.9L54.3 103c9.4-9.4 24.6-9.4 33.9 0l136 136c9.5 9.4 9.5 24.6.1 34zm192-34l-136-136c-9.4-9.4-24.6-9.4-33.9 0l-22.6 22.6c-9.4 9.4-9.4 24.6 0 33.9l96.4 96.4-96.4 96.4c-9.4 9.4-9.4 24.6 0 33.9l22.6 22.6c9.4 9.4 24.6 9.4 33.9 0l136-136c9.4-9.2 9.4-24.4 0-33.8z\"><\/path><\/svg>\t\t\t<\/span>\n\t\t\t\t\t\t\t\t\t<span class=\"elementor-button-text\">RESERVAR HABITACI\u00d3N<\/span>\n\t\t\t\t\t<\/span>\n\t\t\t\t\t<\/a>\n\t\t\t\t<\/div>\n\t\t\t\t\t\t\t\t<\/div>\n\t\t\t\t<\/div>\n\t\t\t\t<\/div>\n\t\t\t\t<\/div>\n\t\t<div class=\"elementor-element elementor-element-7f88d3e e-con-full e-flex e-con e-child\" data-id=\"7f88d3e\" data-element_type=\"container\">\n\t\t<div class=\"elementor-element elementor-element-66beef6 e-con-full e-flex e-con e-child\" data-id=\"66beef6\" data-element_type=\"container\">\n\t\t\t\t<div class=\"elementor-element elementor-element-12a1b57 elementor-widget elementor-widget-image\" data-id=\"12a1b57\" data-element_type=\"widget\" data-widget_type=\"image.default\">\n\t\t\t\t<div class=\"elementor-widget-container\">\n\t\t\t\t\t\t\t\t\t\t\t\t\t\t\t<img decoding=\"async\" width=\"900\" height=\"600\" src=\"https:\/\/aci-lac.aero\/conference2025\/wp-content\/uploads\/2025\/04\/HRT9.jpg\" class=\"attachment-full size-full wp-image-318\" alt=\"\" srcset=\"https:\/\/aci-lac.aero\/conference2025\/wp-content\/uploads\/2025\/04\/HRT9.jpg 900w, https:\/\/aci-lac.aero\/conference2025\/wp-content\/uploads\/2025\/04\/HRT9-300x200.jpg 300w, https:\/\/aci-lac.aero\/conference2025\/wp-content\/uploads\/2025\/04\/HRT9-768x512.jpg 768w\" sizes=\"(max-width: 900px) 100vw, 900px\" \/>\t\t\t\t\t\t\t\t\t\t\t\t\t\t\t<\/div>\n\t\t\t\t<\/div>\n\t\t\t\t<div class=\"elementor-element elementor-element-91e3176 elementor-widget elementor-widget-image\" data-id=\"91e3176\" data-element_type=\"widget\" data-widget_type=\"image.default\">\n\t\t\t\t<div class=\"elementor-widget-container\">\n\t\t\t\t\t\t\t\t\t\t\t\t\t\t\t<img decoding=\"async\" width=\"900\" height=\"600\" src=\"https:\/\/aci-lac.aero\/conference2025\/wp-content\/uploads\/2025\/04\/HRT8.jpg\" class=\"attachment-full size-full wp-image-317\" alt=\"\" srcset=\"https:\/\/aci-lac.aero\/conference2025\/wp-content\/uploads\/2025\/04\/HRT8.jpg 900w, https:\/\/aci-lac.aero\/conference2025\/wp-content\/uploads\/2025\/04\/HRT8-300x200.jpg 300w, https:\/\/aci-lac.aero\/conference2025\/wp-content\/uploads\/2025\/04\/HRT8-768x512.jpg 768w\" sizes=\"(max-width: 900px) 100vw, 900px\" \/>\t\t\t\t\t\t\t\t\t\t\t\t\t\t\t<\/div>\n\t\t\t\t<\/div>\n\t\t\t\t<\/div>\n\t\t\t\t<\/div>\n\t\t\t\t\t<\/div>\n\t\t\t\t<\/div>\n\t\t<div class=\"elementor-element elementor-element-9c6f3a0 e-flex e-con-boxed e-con e-parent\" data-id=\"9c6f3a0\" data-element_type=\"container\" data-settings=\"{&quot;background_background&quot;:&quot;classic&quot;}\">\n\t\t\t\t\t<div class=\"e-con-inner\">\n\t\t<div class=\"elementor-element elementor-element-bd63047 e-con-full e-flex e-con e-child\" data-id=\"bd63047\" data-element_type=\"container\">\n\t\t<div class=\"elementor-element elementor-element-c54695c e-con-full e-flex e-con e-child\" data-id=\"c54695c\" data-element_type=\"container\">\n\t\t\t\t<div class=\"elementor-element elementor-element-0af2548 elementor-widget elementor-widget-heading\" data-id=\"0af2548\" data-element_type=\"widget\" data-widget_type=\"heading.default\">\n\t\t\t\t<div class=\"elementor-widget-container\">\n\t\t\t\t\t<h2 class=\"elementor-heading-title elementor-size-default\">Trinidad &amp; Tobago<\/h2>\t\t\t\t<\/div>\n\t\t\t\t<\/div>\n\t\t\t\t<div class=\"elementor-element elementor-element-5d6bd54 elementor-widget elementor-widget-text-editor\" data-id=\"5d6bd54\" data-element_type=\"widget\" data-widget_type=\"text-editor.default\">\n\t\t\t\t<div class=\"elementor-widget-container\">\n\t\t\t\t\t\t\t\t\t<p><strong>Trinidad y Tobago<\/strong>, oficialmente la Rep\u00fablica de Trinidad y Tobago, es el pa\u00eds insular m\u00e1s meridional del Caribe.<\/p><p>Trinidad y Tobago es una naci\u00f3n caribe\u00f1a de doble isla cerca de Venezuela, con tradiciones y cocinas criollas distintivas. La capital de Trinidad, Puerto Espa\u00f1a, alberga un bullicioso carnaval con m\u00fasica calipso y soca. Numerosas especies de aves habitan santuarios como el Asa Wright Nature Centre. La isla m\u00e1s peque\u00f1a de Tobago es conocida por sus playas y la Reserva Forestal Tobago Main Ridge, que alberga colibr\u00edes.<\/p>\t\t\t\t\t\t\t\t<\/div>\n\t\t\t\t<\/div>\n\t\t\t\t<\/div>\n\t\t\t\t<\/div>\n\t\t<div class=\"elementor-element elementor-element-a93b622 e-con-full e-flex e-con e-child\" data-id=\"a93b622\" data-element_type=\"container\">\n\t\t<div class=\"elementor-element elementor-element-2a510ec e-con-full e-flex e-con e-child\" data-id=\"2a510ec\" data-element_type=\"container\">\n\t\t\t\t<div class=\"elementor-element elementor-element-2455394 elementor-widget elementor-widget-image\" data-id=\"2455394\" data-element_type=\"widget\" data-widget_type=\"image.default\">\n\t\t\t\t<div class=\"elementor-widget-container\">\n\t\t\t\t\t\t\t\t\t\t\t\t\t\t\t<img loading=\"lazy\" decoding=\"async\" width=\"2560\" height=\"1707\" src=\"https:\/\/aci-lac.aero\/conference2025\/wp-content\/uploads\/2025\/04\/HRT2-scaled.jpg\" class=\"attachment-full size-full wp-image-311\" alt=\"\" srcset=\"https:\/\/aci-lac.aero\/conference2025\/wp-content\/uploads\/2025\/04\/HRT2-scaled.jpg 2560w, https:\/\/aci-lac.aero\/conference2025\/wp-content\/uploads\/2025\/04\/HRT2-300x200.jpg 300w, https:\/\/aci-lac.aero\/conference2025\/wp-content\/uploads\/2025\/04\/HRT2-1024x683.jpg 1024w, https:\/\/aci-lac.aero\/conference2025\/wp-content\/uploads\/2025\/04\/HRT2-768x512.jpg 768w, https:\/\/aci-lac.aero\/conference2025\/wp-content\/uploads\/2025\/04\/HRT2-1536x1024.jpg 1536w, https:\/\/aci-lac.aero\/conference2025\/wp-content\/uploads\/2025\/04\/HRT2-2048x1365.jpg 2048w\" sizes=\"(max-width: 2560px) 100vw, 2560px\" \/>\t\t\t\t\t\t\t\t\t\t\t\t\t\t\t<\/div>\n\t\t\t\t<\/div>\n\t\t\t\t<\/div>\n\t\t\t\t<\/div>\n\t\t\t\t\t<\/div>\n\t\t\t\t<\/div>\n\t\t\t\t<\/div>\n\t\t","protected":false},"excerpt":{"rendered":"<p>LUGAR &amp; HOTEL HOTEL DE LA CONFERENCIA Hyatt Regency Trinidad &#8220;Waterfront Leisure Meets Caribbean Hospitality en nuestro Trinidad Hotel\u201d Experimente el animado centro de Puerto Espa\u00f1a cuando se registre en nuestro hotel contempor\u00e1neo frente al mar ubicado a solo 40 minutos del Aeropuerto Internacional de Piarco. Haga que su elecci\u00f3n de reserva en Trinidad y [&hellip;]<\/p>\n","protected":false},"author":1,"featured_media":0,"parent":0,"menu_order":0,"comment_status":"closed","ping_status":"closed","template":"","meta":{"footnotes":""},"class_list":["post-334","page","type-page","status-publish","hentry"],"_links":{"self":[{"href":"https:\/\/aci-lac.aero\/conference2025\/wp-json\/wp\/v2\/pages\/334","targetHints":{"allow":["GET"]}}],"collection":[{"href":"https:\/\/aci-lac.aero\/conference2025\/wp-json\/wp\/v2\/pages"}],"about":[{"href":"https:\/\/aci-lac.aero\/conference2025\/wp-json\/wp\/v2\/types\/page"}],"author":[{"embeddable":true,"href":"https:\/\/aci-lac.aero\/conference2025\/wp-json\/wp\/v2\/users\/1"}],"replies":[{"embeddable":true,"href":"https:\/\/aci-lac.aero\/conference2025\/wp-json\/wp\/v2\/comments?post=334"}],"version-history":[{"count":16,"href":"https:\/\/aci-lac.aero\/conference2025\/wp-json\/wp\/v2\/pages\/334\/revisions"}],"predecessor-version":[{"id":539,"href":"https:\/\/aci-lac.aero\/conference2025\/wp-json\/wp\/v2\/pages\/334\/revisions\/539"}],"wp:attachment":[{"href":"https:\/\/aci-lac.aero\/conference2025\/wp-json\/wp\/v2\/media?parent=334"}],"curies":[{"name":"wp","href":"https:\/\/api.w.org\/{rel}","templated":true}]}}

<div data-elementor-type="wp-page" data-elementor-id="334" class="elementor elementor-334" data-elementor-post-type="page">
				<div class="elementor-element elementor-element-a9db16d e-flex e-con-boxed e-con e-parent" data-id="a9db16d" data-element_type="container" data-settings="{&quot;background_background&quot;:&quot;classic&quot;}">
					<div class="e-con-inner">
				<div class="elementor-element elementor-element-b0ba169 elementor-widget elementor-widget-heading" data-id="b0ba169" data-element_type="widget" data-widget_type="heading.default">
				<div class="elementor-widget-container">
					<h2 class="elementor-heading-title elementor-size-default">LUGAR &amp; HOTEL</h2>				</div>
				</div>
					</div>
				</div>
		<div class="elementor-element elementor-element-f7ecbfb e-flex e-con-boxed e-con e-parent" data-id="f7ecbfb" data-element_type="container">
					<div class="e-con-inner">
				<div class="elementor-element elementor-element-0df76a1 elementor-widget elementor-widget-heading" data-id="0df76a1" data-element_type="widget" data-widget_type="heading.default">
				<div class="elementor-widget-container">
					<h2 class="elementor-heading-title elementor-size-default">HOTEL DE LA CONFERENCIA</h2>				</div>
				</div>
					</div>
				</div>
		<div class="elementor-element elementor-element-11f4ca1 e-flex e-con-boxed e-con e-parent" data-id="11f4ca1" data-element_type="container">
					<div class="e-con-inner">
		<div class="elementor-element elementor-element-9c03c07 e-con-full e-flex e-con e-child" data-id="9c03c07" data-element_type="container">
		<div class="elementor-element elementor-element-3adbd52 e-con-full e-flex e-con e-child" data-id="3adbd52" data-element_type="container">
				<div class="elementor-element elementor-element-f2562c6 elementor-widget elementor-widget-image" data-id="f2562c6" data-element_type="widget" data-widget_type="image.default">
				<div class="elementor-widget-container">
															<img fetchpriority="high" decoding="async" width="661" height="329" src="https://aci-lac.aero/conference2025/wp-content/uploads/2025/04/hyattregency.webp" class="attachment-full size-full wp-image-309" alt="" srcset="https://aci-lac.aero/conference2025/wp-content/uploads/2025/04/hyattregency.webp 661w, https://aci-lac.aero/conference2025/wp-content/uploads/2025/04/hyattregency-300x149.webp 300w" sizes="(max-width: 661px) 100vw, 661px" />															</div>
				</div>
				<div class="elementor-element elementor-element-8593b35 elementor-widget elementor-widget-heading" data-id="8593b35" data-element_type="widget" data-widget_type="heading.default">
				<div class="elementor-widget-container">
					<h3 class="elementor-heading-title elementor-size-default">Hyatt Regency Trinidad</h3>				</div>
				</div>
				<div class="elementor-element elementor-element-3376c8f elementor-widget elementor-widget-text-editor" data-id="3376c8f" data-element_type="widget" data-widget_type="text-editor.default">
				<div class="elementor-widget-container">
									<p>&#8220;Waterfront Leisure Meets Caribbean Hospitality en nuestro Trinidad Hotel”</p><p>Experimente el animado centro de Puerto España cuando se registre en nuestro hotel contemporáneo frente al mar ubicado a solo 40 minutos del Aeropuerto Internacional de Piarco. Haga que su elección de reserva en Trinidad y Tobago sea fácil con sofisticados restaurantes al aire libre, piscina infinita, vistas panorámicas del Golfo de Paria, un lujoso spa y una auténtica hospitalidad caribeña para viajeros de negocios y turistas.</p><p>Cuando se registre en una de nuestras 422 habitaciones, incluidas 15 suites, disfrutará de una tranquilidad elegante con relucientes pisos de roble blanco, colores relajantes, luz natural y vistas al Puerto de España o frente al mar. Si planea entretener a los huéspedes, actualice su estadía en Trinidad con la Suite Diplomática o la Suite Presidencial, que incluyen una cocina, mesa de comedor para seis personas, estudio privado y un amplio balcón de 116 pies cuadrados. Transmita su contenido favorito a su habitación de hotel TV, con tecnología de Google Chromecast.&#8221;</p>								</div>
				</div>
				<div class="elementor-element elementor-element-df46f2e elementor-widget elementor-widget-button" data-id="df46f2e" data-element_type="widget" data-widget_type="button.default">
				<div class="elementor-widget-container">
									<div class="elementor-button-wrapper">
					<a class="elementor-button elementor-button-link elementor-size-sm" href="https://www.hyatt.com/en-US/group-booking/TRIRT/G-ALAC" target="_blank">
						<span class="elementor-button-content-wrapper">
						<span class="elementor-button-icon">
				<svg aria-hidden="true" class="e-font-icon-svg e-fas-angle-double-right" viewBox="0 0 448 512" xmlns="http://www.w3.org/2000/svg"><path d="M224.3 273l-136 136c-9.4 9.4-24.6 9.4-33.9 0l-22.6-22.6c-9.4-9.4-9.4-24.6 0-33.9l96.4-96.4-96.4-96.4c-9.4-9.4-9.4-24.6 0-33.9L54.3 103c9.4-9.4 24.6-9.4 33.9 0l136 136c9.5 9.4 9.5 24.6.1 34zm192-34l-136-136c-9.4-9.4-24.6-9.4-33.9 0l-22.6 22.6c-9.4 9.4-9.4 24.6 0 33.9l96.4 96.4-96.4 96.4c-9.4 9.4-9.4 24.6 0 33.9l22.6 22.6c9.4 9.4 24.6 9.4 33.9 0l136-136c9.4-9.2 9.4-24.4 0-33.8z"></path></svg>			</span>
									<span class="elementor-button-text">RESERVAR HABITACIÓN</span>
					</span>
					</a>
				</div>
								</div>
				</div>
				</div>
				</div>
		<div class="elementor-element elementor-element-7f88d3e e-con-full e-flex e-con e-child" data-id="7f88d3e" data-element_type="container">
		<div class="elementor-element elementor-element-66beef6 e-con-full e-flex e-con e-child" data-id="66beef6" data-element_type="container">
				<div class="elementor-element elementor-element-12a1b57 elementor-widget elementor-widget-image" data-id="12a1b57" data-element_type="widget" data-widget_type="image.default">
				<div class="elementor-widget-container">
															<img decoding="async" width="900" height="600" src="https://aci-lac.aero/conference2025/wp-content/uploads/2025/04/HRT9.jpg" class="attachment-full size-full wp-image-318" alt="" srcset="https://aci-lac.aero/conference2025/wp-content/uploads/2025/04/HRT9.jpg 900w, https://aci-lac.aero/conference2025/wp-content/uploads/2025/04/HRT9-300x200.jpg 300w, https://aci-lac.aero/conference2025/wp-content/uploads/2025/04/HRT9-768x512.jpg 768w" sizes="(max-width: 900px) 100vw, 900px" />															</div>
				</div>
				<div class="elementor-element elementor-element-91e3176 elementor-widget elementor-widget-image" data-id="91e3176" data-element_type="widget" data-widget_type="image.default">
				<div class="elementor-widget-container">
															<img decoding="async" width="900" height="600" src="https://aci-lac.aero/conference2025/wp-content/uploads/2025/04/HRT8.jpg" class="attachment-full size-full wp-image-317" alt="" srcset="https://aci-lac.aero/conference2025/wp-content/uploads/2025/04/HRT8.jpg 900w, https://aci-lac.aero/conference2025/wp-content/uploads/2025/04/HRT8-300x200.jpg 300w, https://aci-lac.aero/conference2025/wp-content/uploads/2025/04/HRT8-768x512.jpg 768w" sizes="(max-width: 900px) 100vw, 900px" />															</div>
				</div>
				</div>
				</div>
					</div>
				</div>
		<div class="elementor-element elementor-element-9c6f3a0 e-flex e-con-boxed e-con e-parent" data-id="9c6f3a0" data-element_type="container" data-settings="{&quot;background_background&quot;:&quot;classic&quot;}">
					<div class="e-con-inner">
		<div class="elementor-element elementor-element-bd63047 e-con-full e-flex e-con e-child" data-id="bd63047" data-element_type="container">
		<div class="elementor-element elementor-element-c54695c e-con-full e-flex e-con e-child" data-id="c54695c" data-element_type="container">
				<div class="elementor-element elementor-element-0af2548 elementor-widget elementor-widget-heading" data-id="0af2548" data-element_type="widget" data-widget_type="heading.default">
				<div class="elementor-widget-container">
					<h2 class="elementor-heading-title elementor-size-default">Trinidad &amp; Tobago</h2>				</div>
				</div>
				<div class="elementor-element elementor-element-5d6bd54 elementor-widget elementor-widget-text-editor" data-id="5d6bd54" data-element_type="widget" data-widget_type="text-editor.default">
				<div class="elementor-widget-container">
									<p><strong>Trinidad y Tobago</strong>, oficialmente la República de Trinidad y Tobago, es el país insular más meridional del Caribe.</p><p>Trinidad y Tobago es una nación caribeña de doble isla cerca de Venezuela, con tradiciones y cocinas criollas distintivas. La capital de Trinidad, Puerto España, alberga un bullicioso carnaval con música calipso y soca. Numerosas especies de aves habitan santuarios como el Asa Wright Nature Centre. La isla más pequeña de Tobago es conocida por sus playas y la Reserva Forestal Tobago Main Ridge, que alberga colibríes.</p>								</div>
				</div>
				</div>
				</div>
		<div class="elementor-element elementor-element-a93b622 e-con-full e-flex e-con e-child" data-id="a93b622" data-element_type="container">
		<div class="elementor-element elementor-element-2a510ec e-con-full e-flex e-con e-child" data-id="2a510ec" data-element_type="container">
				<div class="elementor-element elementor-element-2455394 elementor-widget elementor-widget-image" data-id="2455394" data-element_type="widget" data-widget_type="image.default">
				<div class="elementor-widget-container">
															<img loading="lazy" decoding="async" width="2560" height="1707" src="https://aci-lac.aero/conference2025/wp-content/uploads/2025/04/HRT2-scaled.jpg" class="attachment-full size-full wp-image-311" alt="" srcset="https://aci-lac.aero/conference2025/wp-content/uploads/2025/04/HRT2-scaled.jpg 2560w, https://aci-lac.aero/conference2025/wp-content/uploads/2025/04/HRT2-300x200.jpg 300w, https://aci-lac.aero/conference2025/wp-content/uploads/2025/04/HRT2-1024x683.jpg 1024w, https://aci-lac.aero/conference2025/wp-content/uploads/2025/04/HRT2-768x512.jpg 768w, https://aci-lac.aero/conference2025/wp-content/uploads/2025/04/HRT2-1536x1024.jpg 1536w, https://aci-lac.aero/conference2025/wp-content/uploads/2025/04/HRT2-2048x1365.jpg 2048w" sizes="(max-width: 2560px) 100vw, 2560px" />															</div>
				</div>
				</div>
				</div>
					</div>
				</div>
				</div>

<p>LUGAR &amp; HOTEL HOTEL DE LA CONFERENCIA Hyatt Regency Trinidad &#8220;Waterfront Leisure Meets Caribbean Hospitality en nuestro Trinidad Hotel” Experimente el animado centro de Puerto España cuando se registre en nuestro hotel contemporáneo frente al mar ubicado a solo 40 minutos del Aeropuerto Internacional de Piarco. Haga que su elección de reserva en Trinidad y [&hellip;]</p>
