{"id":17,"date":"2026-01-16T13:10:44","date_gmt":"2026-01-16T13:10:44","guid":{"rendered":"https:\/\/aci-lac.aero\/airportday-quito\/?page_id=17"},"modified":"2026-02-23T21:25:31","modified_gmt":"2026-02-23T21:25:31","slug":"agenda","status":"publish","type":"page","link":"https:\/\/aci-lac.aero\/airportday-quito\/agenda\/","title":{"rendered":"Agenda"},"content":{"rendered":"\t\t<div data-elementor-type=\"wp-page\" data-elementor-id=\"17\" class=\"elementor elementor-17\" data-elementor-post-type=\"page\">\n\t\t\t\t<div class=\"elementor-element elementor-element-556cce2 e-flex e-con-boxed e-con e-parent\" data-id=\"556cce2\" data-element_type=\"container\" data-settings=\"{&quot;background_background&quot;:&quot;classic&quot;}\">\n\t\t\t\t\t<div class=\"e-con-inner\">\n\t\t\t\t<div class=\"elementor-element elementor-element-4bfe834 elementor-widget elementor-widget-heading\" data-id=\"4bfe834\" data-element_type=\"widget\" data-widget_type=\"heading.default\">\n\t\t\t\t\t<h2 class=\"elementor-heading-title elementor-size-default\">Agenda<\/h2>\t\t\t\t<\/div>\n\t\t\t\t\t<\/div>\n\t\t\t\t<\/div>\n\t\t<div class=\"elementor-element elementor-element-c92f297 e-flex e-con-boxed e-con e-parent\" data-id=\"c92f297\" data-element_type=\"container\">\n\t\t\t\t\t<div class=\"e-con-inner\">\n\t\t<div class=\"elementor-element elementor-element-f042e79 e-con-full e-flex e-con e-child\" data-id=\"f042e79\" data-element_type=\"container\">\n\t\t\t\t<div class=\"elementor-element elementor-element-9726efe elementor-widget elementor-widget-shortcode\" data-id=\"9726efe\" data-element_type=\"widget\" data-widget_type=\"shortcode.default\">\n\t\t\t\t\t\t\t<div class=\"elementor-shortcode\"><link rel=\"stylesheet\" type=\"text\/css\" href=\"https:\/\/cdnjs.cloudflare.com\/ajax\/libs\/twitter-bootstrap\/4.1.3\/css\/bootstrap.css\" \/><div class=\"row py-2 bg-light\">\n                                        <div class=\"col-2\">09:00 - 09:05<\/div>\n                                        <div class=\"col-9\"><b>Palabras de Bienvenida - QUIPORT<\/b><p><ul><li>Ram\u00f3n Mir\u00f3, presidente y director general de Corporaci\u00f3n Quiport<\/li><\/ul><\/p><\/div>\n                                    <\/div><div class=\"row py-2 bg-white\">\n                                        <div class=\"col-2\">09:05 - 09:10<\/div>\n                                        <div class=\"col-9\"><b>Palabras de Bienvenida - ACI-LAC<\/b><p><ul><li>Rafael Echevarne, director general de ACI-LAC<\/li><\/ul><\/p><\/div>\n                                    <\/div><div class=\"row py-2 bg-light\">\n                                        <div class=\"col-2\">09:10 - 09:25<\/div>\n                                        <div class=\"col-9\"><b>Palabras de Bienvenida - Ministerio de Infraestructura y Transporte<\/b><p><ul><li>Roberto Luque, Ministro de Infraestructura y Transporte<\/li><\/ul><\/p><\/div>\n                                    <\/div><div class=\"row py-2 bg-white\">\n                                        <div class=\"col-2\">09:25 - 09:45<\/div>\n                                        <div class=\"col-9\"><b>Palabras de Bienvenida - Alcaldia de Quito<\/b><p><ul><li>Pabel Mu\u00f1oz, Alcalde de Quito<\/li><\/ul><\/p><\/div>\n                                    <\/div><div class=\"row py-2 bg-light\">\n                                        <div class=\"col-2\">09:45 - 10:15<\/div>\n                                        <div class=\"col-9\"><b>Presentaci\u00f3n: Ciudad Aeroportuaria: de infraestructura aeroportuaria a ecosistema econ\u00f3mico integral<\/b><p><ul><li>Iva Bulatovic, Higher Colleges of Technology, Abu Dhabi<\/li><\/ul><\/p><\/div>\n                                    <\/div><div class=\"row py-2 bg-white\">\n                                        <div class=\"col-2\">10:15 - 11:00<\/div>\n                                        <div class=\"col-9\"><b>Panel 1: Ciudades Aeroportuarias en Am\u00e9rica Latina: modelos, aprendizajes y factores cr\u00edticos de \u00e9xito<\/b><p><strong>Moderador:<\/strong> Joan Rojas, Managing Partner, ALG<br><\/p><ul><li>Caio Napoli, gerente de Real Estate, Zurich Airport Brasil<\/li><li>Jorge Guti\u00e9rrez de Velasco - director general, Aeropuerto Internacional de Quer\u00e9taro<\/li><\/ul><\/div>\n                                    <\/div><div class=\"row py-2 bg-light\">\n                                        <div class=\"col-2\">11:00 - 11:30<\/div>\n                                        <div class=\"col-9\"><b>Coffee Break<\/b><\/div>\n                                    <\/div><div class=\"row py-2 bg-white\">\n                                        <div class=\"col-2\">11:30 - 12:15<\/div>\n                                        <div class=\"col-9\"><b>Panel 2: Ciudad Aeroportuaria como motor de empleo, inversi\u00f3n y encadenamientos productivos<\/b><p><strong style=\\\"\\\\&quot;\\\\&quot;font-size:\\\\&quot;\\\" 1rem;\\\\\\\"=\\\"\\\\&quot;\\\\&quot;\\\">Moderador:&nbsp;<\/strong><span style=\\\"\\\\&quot;\\\\&quot;font-size:\\\\&quot;\\\" 1rem;\\\\\\\"=\\\"\\\\&quot;\\\\&quot;\\\">Mario Pel\u00e1ez - KPMG<\/span><\/p><ul><li><span style=\\\"\\\\&quot;\\\\&quot;\\\\&quot;font-size:\\\\&quot;\\\\&quot;\\\" 1rem;\\\\\\\"=\\\"\\\\&quot;\\\\&quot;\\\\&quot;\\\\&quot;\\\">Ignacio Lasa, vicepresidente comercial Retail, Motta Attenza<\/span><\/li><li><span style=\\\"\\\\&quot;\\\\&quot;\\\\&quot;font-size:\\\\&quot;\\\\&quot;\\\" 1rem;\\\\\\\"=\\\"\\\\&quot;\\\\&quot;\\\\&quot;\\\\&quot;\\\">Andr\u00e9s Pachano - director ejecutivo, Grupo SIXSTAR Hotels&nbsp; &nbsp; &nbsp;<\/span><\/li><li><span style=\\\"\\\\&quot;\\\\&quot;\\\\&quot;font-size:\\\\&quot;\\\\&quot;\\\" 1rem;\\\\\\\"=\\\"\\\\&quot;\\\\&quot;\\\\&quot;\\\\&quot;\\\">Etzon Romo - secretario de Desarrollo Econ\u00f3mico y Productivo, Municipio de Quito<\/span><\/li><li><span style=\\\"\\\\&quot;\\\\&quot;\\\\&quot;font-size:\\\\&quot;\\\\&quot;\\\" 1rem;\\\\\\\"=\\\"\\\\&quot;\\\\&quot;\\\\&quot;\\\\&quot;\\\">Francis Segovia - directora financiera, Corporaci\u00f3n Quiport<\/span><\/li><li><span style=\\\"\\\\&quot;\\\\&quot;\\\\&quot;font-size:\\\\&quot;\\\\&quot;\\\" 1rem;\\\\\\\"=\\\"\\\\&quot;\\\\&quot;\\\\&quot;\\\\&quot;\\\">Jos\u00e9 Luis Aguilar - director ejecutivo, Corporaci\u00f3n Aeroportuaria de Cuenca (CORPAC CUENCA)<\/span><\/li><\/ul><\/div>\n                                    <\/div><div class=\"row py-2 bg-light\">\n                                        <div class=\"col-2\">12:15 - 12:30<\/div>\n                                        <div class=\"col-9\"><b>Presentaci\u00f3n: ZEDE Municipio de Quito<\/b><p><ul><li>Francisco Andrade, Gerente General de EPMSA<\/li><\/ul><\/p><\/div>\n                                    <\/div><div class=\"row py-2 bg-white\">\n                                        <div class=\"col-2\">12:30 - 13:15<\/div>\n                                        <div class=\"col-9\"><b>Panel 3: Carga a\u00e9rea en la Ciudad Aeroportuaria: conectividad, competitividad y desarrollo productivo<\/b><p><strong style=\\\"\\\\&quot;\\\\&quot;\\\\&quot;\\\\&quot;\\\\&quot;\\\\&quot;\\\\&quot;\\\\&quot;font-size:\\\\&quot;\\\\&quot;\\\\&quot;\\\\&quot;\\\\&quot;\\\\&quot;\\\\&quot;\\\" 1rem;\\\\\\\"=\\\"\\\\&quot;\\\\&quot;\\\\&quot;\\\\&quot;\\\\&quot;\\\\&quot;\\\\&quot;\\\\&quot;\\\\&quot;\\\\&quot;\\\\&quot;\\\\&quot;\\\\&quot;\\\\&quot;\\\">Moderador: <\/strong><span style=\\\"\\\\&quot;\\\\&quot;\\\\&quot;\\\\&quot;\\\\&quot;\\\\&quot;\\\\&quot;\\\\&quot;font-size:\\\\&quot;\\\\&quot;\\\\&quot;\\\\&quot;\\\\&quot;\\\\&quot;\\\\&quot;\\\" 1rem;\\\\\\\"=\\\"\\\\&quot;\\\\&quot;\\\\&quot;\\\\&quot;\\\\&quot;\\\\&quot;\\\\&quot;\\\\&quot;\\\\&quot;\\\\&quot;\\\\&quot;\\\\&quot;\\\\&quot;\\\\&quot;\\\">Jaume Adrover - director general, GPA<\/span><\/p><ul><li>Tom\u00e1s Arag\u00f3n - director de Operaciones y Mantenimiento, Corporaci\u00f3n Quiport<\/li><li>Jos\u00e9 Valbuena - gerente de Operaciones, Avianca Cargo<br><\/li><li>M\u00f3nica Fristrovic - gerente general de Latam Airlines Ecuador<\/li><li>Bernardo Sevilla - gerente general, Tababela Cargo Center<\/li><\/ul><\/div>\n                                    <\/div><div class=\"row py-2 bg-light\">\n                                        <div class=\"col-2\">13:15 - 13:55<\/div>\n                                        <div class=\"col-9\"><b>Conversatorio: Conectividad e infraestructura digital para un ecosistema aeroportuario competitivo<\/b><p><\/p><ul><li>Santiago Andrade, director de Tecnolog\u00edas de la Informaci\u00f3n, Corporaci\u00f3n Quiport<\/li><li>Stephanie Chica, Regional Account Manager - NACO<\/li><\/ul><p><\/p><\/div>\n                                    <\/div><div class=\"row py-2 bg-white\">\n                                        <div class=\"col-2\">13:55 - 14:35<\/div>\n                                        <div class=\"col-9\"><b>Panel 4: Visi\u00f3n de lideres: Futuro de las Ciudades Aeroportuarias en Am\u00e9rica Latina<\/b><p><strong style=\\\"\\\\&quot;\\\\&quot;\\\\&quot;\\\\&quot;\\\\&quot;\\\\&quot;\\\\&quot;font-size:\\\\&quot;\\\\&quot;\\\\&quot;\\\\&quot;\\\\&quot;\\\\&quot;\\\" 1rem;\\\\\\\"=\\\"\\\\&quot;\\\\&quot;\\\\&quot;\\\\&quot;\\\\&quot;\\\\&quot;\\\\&quot;\\\\&quot;\\\\&quot;\\\\&quot;\\\\&quot;\\\\&quot;\\\">Moderador: <\/strong><span style=\\\"\\\\&quot;\\\\&quot;\\\\&quot;\\\\&quot;\\\\&quot;\\\\&quot;\\\\&quot;font-size:\\\\&quot;\\\\&quot;\\\\&quot;\\\\&quot;\\\\&quot;\\\\&quot;\\\" 1rem;\\\\\\\"=\\\"\\\\&quot;\\\\&quot;\\\\&quot;\\\\&quot;\\\\&quot;\\\\&quot;\\\\&quot;\\\\&quot;\\\\&quot;\\\\&quot;\\\\&quot;\\\\&quot;\\\">Rafael Echevarne - director general, ACI-LAC<\/span><\/p><ul><li>Natalie Leal, directora general, Opain<\/li><li>Norbert Onkelbach, CCO, Lima Airport<\/li><li>Ram\u00f3n Miro, presidente y director general, Corporaci\u00f3n Quiport<\/li><\/ul><\/div>\n                                    <\/div><div class=\"row py-2 bg-light\">\n                                        <div class=\"col-2\">14:40 - 15:40<\/div>\n                                        <div class=\"col-9\"><b>Almuerzo<\/b><\/div>\n                                    <\/div><div class=\"row py-2 bg-white\">\n                                        <div class=\"col-2\">16:00 - 17:00<\/div>\n                                        <div class=\"col-9\"><b>Tour al aeropuerto de Quito<\/b><\/div>\n                                    <\/div><\/div>\n\t\t\t\t\t\t<\/div>\n\t\t\t\t<\/div>\n\t\t\t\t\t<\/div>\n\t\t\t\t<\/div>\n\t\t<div class=\"elementor-element elementor-element-9e7530c elementor-hidden-desktop elementor-hidden-tablet elementor-hidden-mobile e-flex e-con-boxed e-con e-parent\" data-id=\"9e7530c\" data-element_type=\"container\">\n\t\t\t\t\t<div class=\"e-con-inner\">\n\t\t\t\t<div class=\"elementor-element elementor-element-131b2b1 elementor-widget elementor-widget-heading\" data-id=\"131b2b1\" data-element_type=\"widget\" data-widget_type=\"heading.default\">\n\t\t\t\t\t<h4 class=\"elementor-heading-title elementor-size-default\">La agenda estar\u00e1 disponible en breve!<\/h4>\t\t\t\t<\/div>\n\t\t\t\t\t<\/div>\n\t\t\t\t<\/div>\n\t\t\t\t<\/div>\n\t\t","protected":false},"excerpt":{"rendered":"<p>Agenda La agenda estar\u00e1 disponible en breve!<\/p>\n","protected":false},"author":1,"featured_media":0,"parent":0,"menu_order":0,"comment_status":"closed","ping_status":"closed","template":"","meta":{"footnotes":""},"class_list":["post-17","page","type-page","status-publish","hentry"],"_links":{"self":[{"href":"https:\/\/aci-lac.aero\/airportday-quito\/wp-json\/wp\/v2\/pages\/17","targetHints":{"allow":["GET"]}}],"collection":[{"href":"https:\/\/aci-lac.aero\/airportday-quito\/wp-json\/wp\/v2\/pages"}],"about":[{"href":"https:\/\/aci-lac.aero\/airportday-quito\/wp-json\/wp\/v2\/types\/page"}],"author":[{"embeddable":true,"href":"https:\/\/aci-lac.aero\/airportday-quito\/wp-json\/wp\/v2\/users\/1"}],"replies":[{"embeddable":true,"href":"https:\/\/aci-lac.aero\/airportday-quito\/wp-json\/wp\/v2\/comments?post=17"}],"version-history":[{"count":19,"href":"https:\/\/aci-lac.aero\/airportday-quito\/wp-json\/wp\/v2\/pages\/17\/revisions"}],"predecessor-version":[{"id":299,"href":"https:\/\/aci-lac.aero\/airportday-quito\/wp-json\/wp\/v2\/pages\/17\/revisions\/299"}],"wp:attachment":[{"href":"https:\/\/aci-lac.aero\/airportday-quito\/wp-json\/wp\/v2\/media?parent=17"}],"curies":[{"name":"wp","href":"https:\/\/api.w.org\/{rel}","templated":true}]}}